of g and 6.
6
Suppose 4*k - 283 = -b, -13*b + 11*b - 10 = 0. Calculate the highest common divisor of k and 88.
8
Let o = 36 - 29. Let p = o + 31. Let g = -79 + 174. Calculate the greatest common divisor of g and p.
19
Let c(a) = -5*a**2 + 12*a + 25. Let b(q) = 11*q**2 - 24*q - 51. Let w(g) = 4*b(g) + 9*c(g). Let u be w(13). Calculate the highest common divisor of u and 56.
8
Suppose 353*b - 512 = 337*b. Let o(a) = -2*a**3 - 3*a**2 - 3. Let n be o(-3). What is the greatest common divisor of b and n?
8
Let z = 173 - 116. Suppose 0 = m - 38 - 0. Suppose k = 2*k - m. Calculate the highest common factor of k and z.
19
Suppose 2*v - 65 = -33. What is the highest common divisor of 2 and v?
2
Suppose -6 = -6*d + 18. Suppose -o + 161 = 5*p + 24, -d*p + 16 = 0. Calculate the greatest common divisor of 9 and o.
9
Let i be (-13531)/(-6) - (-18)/(-108). What is the greatest common divisor of i and 55?
55
Suppose -1 - 2 = -t. Let x be 36 + -5 + t + -1. Let s be (-3 - -2 - -232)*1. Calculate the greatest common divisor of s and x.
33
Let n(b) = -3*b + 125. Let t be n(-5). Calculate the greatest common factor of t and 315.
35
Let m(l) = l**2 + 19*l + 66. Let v be m(-16). What is the greatest common factor of 36 and v?
18
Let w(y) = -y**3 - 7*y**2 - 7*y - 5. Let c be w(-6). Suppose 6 = m - 4*k, 4*k - 3 - c = 0. Suppose n = -6 + m. What is the highest common factor of 44 and n?
4
Let r be 4/8 - 10/4. Let i be 4/(-6)*9/r. Calculate the highest common factor of i and 33.
3
Suppose l - 7 + 4 = 0. Suppose -o + 2*o - 2*j = 58, l*o - 182 = -2*j. Suppose 3*t - 10 - 50 = 0. Calculate the highest common divisor of t and o.
20
Let o be 34 + (3/1 - (0 + 0)). Calculate the greatest common divisor of o and 1184.
37
Let a(t) = -2*t - 5. Let l be a(-6). Let n = l - 11. Let k be n/(-3)*(-33)/(-2). Calculate the greatest common divisor of k and 242.
22
Suppose -60 = -d - 0*d. Let h = d - 10. Let z = 7 - -3. What is the greatest common factor of z and h?
10
Let v(z) = z**3 - 10*z**2 + 17*z + 20. Let t be v(8). What is the greatest common divisor of t and 28?
28
Suppose 16 = k - 3*l, -2*k + 47 = 3*l + 6. Suppose -2*y - 5 = -k. Let q be 62 + -2 - (-3)/1. Calculate the highest common divisor of y and q.
7
Let i = -25 + 40. Suppose 2*c - 686 = -4*f, 9*f - 4*f - 864 = 4*c. Let x = -37 + f. Calculate the highest common divisor of i and x.
15
Suppose 0 = -5*z + 318 - 78. Suppose -12 + z = 3*b. Calculate the greatest common divisor of 84 and b.
12
Let l be 41/4 + (-2)/8. Let v be 6/(-2) + 30/1. Let z be v/45 + (-14)/(-10). What is the greatest common factor of z and l?
2
Let p(a) = 19*a - 101. Let h be p(7). What is the highest common divisor of h and 1376?
32
Suppose -13*o - 669 + 2528 = 0. Calculate the highest common divisor of o and 221.
13
Suppose 20 = -4*a, -19 = -3*p + 3*a + 14. Suppose -6*n + 245 = -n. Let g = n + -25. Calculate the greatest common factor of g and p.
6
Let o(k) = -10*k - 2. Let p be o(-2). Let y be (-24)/(8/(-2))*1. Suppose 0 = -4*n, -2*g + 5*n = -3*g + y. What is the highest common factor of p and g?
6
Let i = -63 - -43. Let d be 182/65 + (-2)/i*2. Suppose 4*z + t - 144 = -10, -5*t = -4*z + 122. What is the greatest common divisor of z and d?
3
Let j be 342 + (18 - 9 - 3). What is the greatest common divisor of 12 and j?
12
Let f = 385 - 220. What is the highest common divisor of f and 11?
11
Let y = -17 + -13. Let u be 16/10*y/(-12). Suppose -198 = -4*g - 2*f, f + 199 - u = 4*g. What is the greatest common divisor of 7 and g?
7
Suppose 0*b + b + 2*z = 43, -5*b - z = -251. Suppose -5*a + 4*s = -178, 5*s - 6*s = 4*a - 134. What is the highest common factor of a and b?
17
Let k = 357 - 60. Calculate the highest common factor of 33 and k.
33
Let n(f) = 2*f**3 - 4*f**2 + 5. Let l be n(-3). Let q be ((-84)/10)/(17/l). What is the greatest common divisor of 21 and q?
21
Let q(h) be the first derivative of -h**3/3 - 7*h**2/2 + h - 6. Let x be q(-6). Let f = -11 - -32. Calculate the highest common factor of f and x.
7
Suppose 2*o + o - 9 = 0. Suppose -3*y - 4 = -4*i, 0 = -o*i + 4*i + 2. Let q be (-2)/y - 33/(-2). What is the highest common divisor of 136 and q?
17
Let f(b) = -b**2 + 8*b + 498. Let m be f(-18). Calculate the highest common factor of 195 and m.
15
Let p be 21/42*(21 - (-2)/(-2)). Calculate the highest common divisor of 85 and p.
5
Suppose -2*u = -7*u + 40. Let c(r) = -6*r**3 - 1. Let m be c(-1). Suppose 0 = 2*k - 3 - m. Calculate the highest common divisor of u and k.
4
Let s = 23 - -7. Let a = -4 + 6. Let p(v) = 3*v**3 - 2*v**2 - 3*v + 2. Let f be p(a). What is the greatest common factor of f and s?
6
Suppose -16 = -3*z + 122. What is the greatest common divisor of 23 and z?
23
Let b be 3*(-8)/20*-25. Suppose 0 = -l - 2*l + b. Calculate the highest common factor of 10 and l.
10
Let q = -10 + 15. Suppose -5*l + r = -3*r - 36, -5*l + 35 = -q*r. What is the greatest common factor of l and 8?
8
Suppose 168 = 2*x - 3*o, 0*x = -2*x - o + 176. Calculate the highest common divisor of x and 116.
29
Suppose u = -4*q - 1836, -u - 3*q = -4*q + 1826. Let f be (-2)/(-3) - (-1 + u/12). Calculate the greatest common factor of f and 14.
14
Let a = 1515 + -1417. Calculate the greatest common divisor of 350 and a.
14
Let c = 386 - 234. Let b be 4*12/16*4/3. Let v be (-266)/(-7)*((-2)/b)/(-1). What is the highest common factor of v and c?
19
Let r(j) = 18*j + 282. Let g be r(-9). Calculate the greatest common divisor of g and 264.
24
Suppose -2*m = 6, 978 + 40 = x - 2*m. Suppose 9*l + 220 = x. Calculate the greatest common factor of l and 11.
11
Let g = 7 + -4. Let a = 10 + g. Suppose 0 = 2*t - 3*d - 301, -2*t = -0*t - 5*d - 311. What is the greatest common factor of a and t?
13
Suppose 4*q + 79 = -13. Let a = q - -31. Let s = -16 + 24. What is the greatest common divisor of s and a?
8
Suppose -4*l + 83 - 75 = 0. Suppose 2*s = 3*r + 26, 4*s - 45 = -3*r - 11. Let h be (s/8)/((-3)/(-12)). Calculate the highest common factor of l and h.
1
Suppose 2*t = -48*v + 53*v + 267, -277 = -2*t - 5*v. Calculate the highest common divisor of t and 17.
17
Suppose 3*x = -3*r + 783, 2*r + 8*x = 3*x + 531. Suppose -3*v = 4*o - 7*o - r, 2*o - 233 = -3*v. What is the highest common factor of v and 9?
9
Suppose -4*o = -5*j + 5992, 0 = 4*j - 5*o - 1692 - 3098. What is the greatest common factor of j and 48?
48
Let o(v) = -8*v - 144. Let m be o(-23). Calculate the highest common divisor of m and 70.
10
Suppose 0 = 2*u - 3*j - 90, 45 = u - 3*j + 8*j. Calculate the highest common divisor of 405 and u.
45
Suppose 12111 - 2111 = 4*m. Suppose -3*b + 1500 = -3*i, 4*b = -b - i + m. Suppose -5*g + b = -0*g. Calculate the highest common factor of 40 and g.
20
Let l be 374/18 + 6/27. Let n be 14/l + (-86)/(-6). Calculate the highest common factor of n and 5.
5
Let s be (350/(-30))/((-10)/18). Let n = -27 - -41. Calculate the highest common divisor of n and s.
7
Let z be 3 - (4 + -2 - 2). Suppose 5*l = z*p - 47, -4*p + l + 5 = -52. What is the highest common divisor of 7 and p?
7
Suppose -47 = -3*v + 25. Let r = -60 + 63. Calculate the greatest common divisor of r and v.
3
Suppose 5*c = -2*d + 150, -3*d - 16 + 207 = -c. Let n = 218 + -205. What is the greatest common factor of d and n?
13
Let m be (-2678)/8 - 9/36. Let b = m + 572. Suppose 0*s - 3*s + b = -2*y, -4*y - 231 = -3*s. Calculate the highest common factor of s and 9.
9
Let s be 2*12*(-3)/(-4). Let f(n) be the first derivative of -n**3/3 - 7*n**2/2 - 6*n - 4. Let i be f(-4). Calculate the greatest common factor of s and i.
6
Let o(h) be the first derivative of -h**4/4 + 10*h**3/3 + 11*h**2/2 + 10*h + 6. Let b be o(11). Calculate the greatest common divisor of b and 15.
5
Suppose 0 = 18*g - 841 - 149. What is the highest common factor of 5 and g?
5
Let w be 0 + (-7)/(-1)*2. Let p(y) = y**3 - 8*y**2 - 9*y + 2. Let c be p(9). What is the greatest common factor of c and w?
2
Let v(i) = 5*i**2 + i - 21. Let k(l) = -6*l**2 + 23. Let q(p) = 4*k(p) + 5*v(p). Let z be q(3). Calculate the greatest common divisor of 22 and z.
11
Suppose 20*c = 17*c - 2*i + 160, 4*i + 4 = 0. Calculate the greatest common factor of c and 270.
54
Suppose -3*k + 6*k - 88 = -4*d, 8 = -4*d. Calculate the highest common factor of 80 and k.
16
Suppose -18 = 4*y - 30. Let g = 4 -